{"id":9,"date":"2021-02-09T08:50:59","date_gmt":"2021-02-09T11:50:59","guid":{"rendered":"https:\/\/lealqueiroz.adv.br\/site\/?page_id=9"},"modified":"2023-11-14T14:34:08","modified_gmt":"2023-11-14T17:34:08","slug":"quem-somos","status":"publish","type":"page","link":"https:\/\/lealqueiroz.adv.br\/?page_id=9","title":{"rendered":"Quem Somos"},"content":{"rendered":"<p><iframe loading=\"lazy\" title=\"Somos a Leal Queiroz\" width=\"500\" height=\"281\" src=\"https:\/\/www.youtube.com\/embed\/ZtA07_UNZcU?feature=oembed\" frameborder=\"0\" allow=\"accelerometer; autoplay; clipboard-write; encrypted-media; gyroscope; picture-in-picture; web-share\" referrerpolicy=\"strict-origin-when-cross-origin\" allowfullscreen><\/iframe><\/p>\n<h2>Somos uma boutique jur\u00eddica que acredita e dissemina a advocacia corporativa preventiva e estrat\u00e9gica.<\/h2>\n<p>&nbsp;<\/p>\n<p>Donos de uma postura proativa e inovadora, desenvolvemos o direito com excel\u00eancia, focados nas \u00e1reas mais sens\u00edveis \u00e0 viabiliza\u00e7\u00e3o e ao crescimento do neg\u00f3cio dos nossos clientes.<\/p>\n<p>Com pr\u00e1ticas certificadas e expertises de atua\u00e7\u00e3o, os profissionais da Leal Queiroz s\u00e3o h\u00e1beis, experientes, \u00e9ticos, resolutivos e comprometidos.<\/p>\n<p>Com planejamento, seguran\u00e7a, assertividade e responsabilidade atuamos no Nordeste brasileiro com \u00eanfase nos estados da Para\u00edba, Pernambuco, Rio Grande do Norte e Cear\u00e1.<\/p>\n<p>Valorizamos o relacionamento pessoal e a constru\u00e7\u00e3o de parcerias com nossos clientes. O seu neg\u00f3cio \u00e9 importante para n\u00f3s!<\/p>\n<p>&nbsp;<\/p>\n<h3>Certifica\u00e7\u00f5es e Pr\u00eamios<\/h3>\n<p>&nbsp;<\/p>\n<p><img loading=\"lazy\" decoding=\"async\" class=\"alignnone wp-image-414 size-full\" src=\"https:\/\/lealqueiroz.adv.br\/wp-content\/uploads\/2021\/12\/selo-1-1.png\" alt=\"Selo Melhores Pr\u00e1ticas 2015\" width=\"150\" height=\"150\" \/> <img loading=\"lazy\" decoding=\"async\" class=\"alignnone wp-image-415 size-full\" src=\"https:\/\/lealqueiroz.adv.br\/wp-content\/uploads\/2021\/12\/selo-2-1.png\" alt=\"Pr\u00e1tica Certificada 2017\" width=\"150\" height=\"150\" \/> <img loading=\"lazy\" decoding=\"async\" class=\"alignnone wp-image-416 size-full\" src=\"https:\/\/lealqueiroz.adv.br\/wp-content\/uploads\/2021\/12\/selo-3-1.png\" alt=\"Sel Premia\u00e7\u00e3o\" width=\"150\" height=\"150\" \/><\/p>\n","protected":false},"excerpt":{"rendered":"<p>Somos uma boutique jur\u00eddica que acredita e dissemina a advocacia corporativa preventiva e estrat\u00e9gica. &nbsp; Donos de uma postura proativa e inovadora, desenvolvemos o direito com excel\u00eancia, focados nas \u00e1reas mais sens\u00edveis \u00e0 viabiliza\u00e7\u00e3o e ao crescimento do neg\u00f3cio dos nossos clientes. Com pr\u00e1ticas certificadas e expertises de atua\u00e7\u00e3o, os profissionais da Leal Queiroz s\u00e3o [&hellip;]<\/p>\n","protected":false},"author":7,"featured_media":1467,"parent":0,"menu_order":0,"comment_status":"closed","ping_status":"closed","template":"","meta":{"_acf_changed":false,"footnotes":""},"class_list":["post-9","page","type-page","status-publish","has-post-thumbnail","hentry"],"acf":[],"_links":{"self":[{"href":"https:\/\/lealqueiroz.adv.br\/index.php?rest_route=\/wp\/v2\/pages\/9","targetHints":{"allow":["GET"]}}],"collection":[{"href":"https:\/\/lealqueiroz.adv.br\/index.php?rest_route=\/wp\/v2\/pages"}],"about":[{"href":"https:\/\/lealqueiroz.adv.br\/index.php?rest_route=\/wp\/v2\/types\/page"}],"author":[{"embeddable":true,"href":"https:\/\/lealqueiroz.adv.br\/index.php?rest_route=\/wp\/v2\/users\/7"}],"replies":[{"embeddable":true,"href":"https:\/\/lealqueiroz.adv.br\/index.php?rest_route=%2Fwp%2Fv2%2Fcomments&post=9"}],"version-history":[{"count":32,"href":"https:\/\/lealqueiroz.adv.br\/index.php?rest_route=\/wp\/v2\/pages\/9\/revisions"}],"predecessor-version":[{"id":1651,"href":"https:\/\/lealqueiroz.adv.br\/index.php?rest_route=\/wp\/v2\/pages\/9\/revisions\/1651"}],"wp:featuredmedia":[{"embeddable":true,"href":"https:\/\/lealqueiroz.adv.br\/index.php?rest_route=\/wp\/v2\/media\/1467"}],"wp:attachment":[{"href":"https:\/\/lealqueiroz.adv.br\/index.php?rest_route=%2Fwp%2Fv2%2Fmedia&parent=9"}],"curies":[{"name":"wp","href":"https:\/\/api.w.org\/{rel}","templated":true}]}}

<p><iframe loading="lazy" title="Somos a Leal Queiroz" width="500" height="281" src="https://www.youtube.com/embed/ZtA07_UNZcU?feature=oembed" frameborder="0" allow="accelerometer; autoplay; clipboard-write; encrypted-media; gyroscope; picture-in-picture; web-share" referrerpolicy="strict-origin-when-cross-origin" allowfullscreen></iframe></p>
<h2>Somos uma boutique jurídica que acredita e dissemina a advocacia corporativa preventiva e estratégica.</h2>
<p>&nbsp;</p>
<p>Donos de uma postura proativa e inovadora, desenvolvemos o direito com excelência, focados nas áreas mais sensíveis à viabilização e ao crescimento do negócio dos nossos clientes.</p>
<p>Com práticas certificadas e expertises de atuação, os profissionais da Leal Queiroz são hábeis, experientes, éticos, resolutivos e comprometidos.</p>
<p>Com planejamento, segurança, assertividade e responsabilidade atuamos no Nordeste brasileiro com ênfase nos estados da Paraíba, Pernambuco, Rio Grande do Norte e Ceará.</p>
<p>Valorizamos o relacionamento pessoal e a construção de parcerias com nossos clientes. O seu negócio é importante para nós!</p>
<p>&nbsp;</p>
<h3>Certificações e Prêmios</h3>
<p>&nbsp;</p>
<p><img loading="lazy" decoding="async" class="alignnone wp-image-414 size-full" src="https://lealqueiroz.adv.br/wp-content/uploads/2021/12/selo-1-1.png" alt="Selo Melhores Práticas 2015" width="150" height="150" /> <img loading="lazy" decoding="async" class="alignnone wp-image-415 size-full" src="https://lealqueiroz.adv.br/wp-content/uploads/2021/12/selo-2-1.png" alt="Prática Certificada 2017" width="150" height="150" /> <img loading="lazy" decoding="async" class="alignnone wp-image-416 size-full" src="https://lealqueiroz.adv.br/wp-content/uploads/2021/12/selo-3-1.png" alt="Sel Premiação" width="150" height="150" /></p>

<p>Somos uma boutique jurídica que acredita e dissemina a advocacia corporativa preventiva e estratégica. &nbsp; Donos de uma postura proativa e inovadora, desenvolvemos o direito com excelência, focados nas áreas mais sensíveis à viabilização e ao crescimento do negócio dos nossos clientes. Com práticas certificadas e expertises de atuação, os profissionais da Leal Queiroz são [&hellip;]</p>
