{"id":1286,"date":"2023-03-29T09:27:27","date_gmt":"2023-03-29T12:27:27","guid":{"rendered":"https:\/\/lealqueiroz.adv.br\/?page_id=1286"},"modified":"2023-10-04T11:41:56","modified_gmt":"2023-10-04T14:41:56","slug":"gestao-juridica-para-sindicatos-e-associacoes","status":"publish","type":"page","link":"https:\/\/lealqueiroz.adv.br\/?page_id=1286","title":{"rendered":"Gest\u00e3o Jur\u00eddica para Sindicatos e Associa\u00e7\u00f5es"},"content":{"rendered":"<h1>Gest\u00e3o Jur\u00eddica e de conflitos para Sindicatos e Associa\u00e7\u00f5es Patronais<\/h1>\n<p>&nbsp;<\/p>\n<p>A gest\u00e3o jur\u00eddica e de conflitos pode trazer v\u00e1rios benef\u00edcios para sindicatos e associa\u00e7\u00f5es patronais, incluindo:<\/p>\n<ol>\n<li><strong>Representa\u00e7\u00e3o legal:<\/strong> uma assessoria jur\u00eddica especializada fornece representa\u00e7\u00e3o legal para o sindicato ou associa\u00e7\u00e3o patronal em processos judiciais e administrativos.<\/li>\n<li><strong>Preven\u00e7\u00e3o de conflitos:<\/strong> a gest\u00e3o de conflitos pode ajudar a prevenir conflitos com trabalhadores, empresas e outras partes interessadas, evitando poss\u00edveis lit\u00edgios.<\/li>\n<li><strong>Redu\u00e7\u00e3o de riscos legais:<\/strong> a gest\u00e3o jur\u00eddica ajuda a identificar e gerenciar riscos legais, garantindo a conformidade com as leis e regulamenta\u00e7\u00f5es aplic\u00e1veis.<\/li>\n<li><strong>Economia de custos:<\/strong> com uma assessoria especializada, os sindicatos e associa\u00e7\u00f5es patronais podem economizar em custos externos, como advogados terceirizados e taxas judiciais.<\/li>\n<li><strong>Agilidade na tomada de decis\u00f5es:<\/strong> com uma assessoria especializada, as organiza\u00e7\u00f5es podem tomar decis\u00f5es mais rapidamente.<\/li>\n<li><strong>Melhoria na gest\u00e3o de contratos:<\/strong> uma assessoria especializada a entidade consegue gerenciar e negociar contratos com fornecedores, parceiros e outros terceiros, garantindo que os interesses da organiza\u00e7\u00e3o sejam protegidos.<\/li>\n<li><strong>Conhecimento espec\u00edfico do setor:<\/strong> com uma assessoria jur\u00eddica especializada no setor sindical e patronal, os sindicatos e associa\u00e7\u00f5es patronais contam com um conhecimento aprofundado das leis e regulamenta\u00e7\u00f5es aplic\u00e1veis.<\/li>\n<\/ol>\n<p>Com a gest\u00e3o jur\u00eddica e de conflitos, a Leal Queiroz pode ajudar os sindicatos e associa\u00e7\u00f5es patronais a reduzir riscos legais, economizar custos, tomar decis\u00f5es mais \u00e1geis e garantir a conformidade com as leis e regulamenta\u00e7\u00f5es aplic\u00e1veis ao seu setor.<\/p>\n<p>Fale conosco agora mesmo e leve preven\u00e7\u00e3o e seguran\u00e7a jur\u00eddica para o seu neg\u00f3cio!<\/p>\n","protected":false},"excerpt":{"rendered":"<p>Gest\u00e3o Jur\u00eddica e de conflitos para Sindicatos e Associa\u00e7\u00f5es Patronais &nbsp; A gest\u00e3o jur\u00eddica e de conflitos pode trazer v\u00e1rios benef\u00edcios para sindicatos e associa\u00e7\u00f5es patronais, incluindo: Representa\u00e7\u00e3o legal: uma assessoria jur\u00eddica especializada fornece representa\u00e7\u00e3o legal para o sindicato ou associa\u00e7\u00e3o patronal em processos judiciais e administrativos. Preven\u00e7\u00e3o de conflitos: a gest\u00e3o de conflitos pode [&hellip;]<\/p>\n","protected":false},"author":7,"featured_media":0,"parent":1269,"menu_order":0,"comment_status":"closed","ping_status":"closed","template":"","meta":{"_acf_changed":false,"footnotes":""},"class_list":["post-1286","page","type-page","status-publish","hentry"],"acf":[],"_links":{"self":[{"href":"https:\/\/lealqueiroz.adv.br\/index.php?rest_route=\/wp\/v2\/pages\/1286","targetHints":{"allow":["GET"]}}],"collection":[{"href":"https:\/\/lealqueiroz.adv.br\/index.php?rest_route=\/wp\/v2\/pages"}],"about":[{"href":"https:\/\/lealqueiroz.adv.br\/index.php?rest_route=\/wp\/v2\/types\/page"}],"author":[{"embeddable":true,"href":"https:\/\/lealqueiroz.adv.br\/index.php?rest_route=\/wp\/v2\/users\/7"}],"replies":[{"embeddable":true,"href":"https:\/\/lealqueiroz.adv.br\/index.php?rest_route=%2Fwp%2Fv2%2Fcomments&post=1286"}],"version-history":[{"count":4,"href":"https:\/\/lealqueiroz.adv.br\/index.php?rest_route=\/wp\/v2\/pages\/1286\/revisions"}],"predecessor-version":[{"id":1350,"href":"https:\/\/lealqueiroz.adv.br\/index.php?rest_route=\/wp\/v2\/pages\/1286\/revisions\/1350"}],"up":[{"embeddable":true,"href":"https:\/\/lealqueiroz.adv.br\/index.php?rest_route=\/wp\/v2\/pages\/1269"}],"wp:attachment":[{"href":"https:\/\/lealqueiroz.adv.br\/index.php?rest_route=%2Fwp%2Fv2%2Fmedia&parent=1286"}],"curies":[{"name":"wp","href":"https:\/\/api.w.org\/{rel}","templated":true}]}}