{"id":1273,"date":"2023-03-29T09:12:31","date_gmt":"2023-03-29T12:12:31","guid":{"rendered":"https:\/\/lealqueiroz.adv.br\/?page_id=1273"},"modified":"2023-10-04T11:29:39","modified_gmt":"2023-10-04T14:29:39","slug":"reestruturacoes-societarias","status":"publish","type":"page","link":"https:\/\/lealqueiroz.adv.br\/?page_id=1273","title":{"rendered":"Reestrutura\u00e7\u00f5es societ\u00e1rias"},"content":{"rendered":"<h2>Reestrutura\u00e7\u00f5es societ\u00e1rias, blindagem patrimonial e planejamento sucess\u00f3rio de empresas familiares<\/h2>\n<p>&nbsp;<\/p>\n<p>A reestrutura\u00e7\u00e3o societ\u00e1ria, a blindagem patrimonial e o planejamento sucess\u00f3rio de empresas familiares podem trazer v\u00e1rios benef\u00edcios, incluindo:<\/p>\n<ol>\n<li><strong>Melhor gest\u00e3o e organiza\u00e7\u00e3o:<\/strong> a reestrutura\u00e7\u00e3o ajuda a simplificar a gest\u00e3o, definir pap\u00e9is e responsabilidades claras e melhorar a comunica\u00e7\u00e3o entre membros da fam\u00edlia.<\/li>\n<li><strong>Redu\u00e7\u00e3o de conflitos:<\/strong> o planejamento sucess\u00f3rio ajuda a evitar disputas entre membros da fam\u00edlia, evitando a possibilidade de herdeiros discordarem sobre o controle da empresa.<\/li>\n<li><strong>Prote\u00e7\u00e3o do patrim\u00f4nio\/blindagem patrimonial:<\/strong> a reestrutura\u00e7\u00e3o ajudar a proteger o patrim\u00f4nio da empresa, evitando poss\u00edveis lit\u00edgios, d\u00edvidas e exposi\u00e7\u00e3o indevida perante credores.<\/li>\n<li><strong>Planejamento tribut\u00e1rio:<\/strong> a reestrutura\u00e7\u00e3o tamb\u00e9m ajuda a reduzir a carga tribut\u00e1ria da empresa e a planejar sua sucess\u00e3o.<\/li>\n<li><strong>Prepara\u00e7\u00e3o para a sucess\u00e3o:<\/strong> o planejamento sucess\u00f3rio ajuda a preparar a pr\u00f3xima gera\u00e7\u00e3o da fam\u00edlia para assumir a empresa, garantindo que estejam prontos e capacitados para liderar a organiza\u00e7\u00e3o.<\/li>\n<li><strong>Continuidade da empresa:<\/strong> o planejamento sucess\u00f3rio ajuda a garantir que a empresa continue a existir e a crescer, mesmo ap\u00f3s a sa\u00edda dos fundadores da empresa.<\/li>\n<\/ol>\n<p>A Leal Queiroz pode lhe ajudar na reestrutura\u00e7\u00e3o que pode garantir a continuidade e o sucesso de uma empresa familiar a longo prazo.<\/p>\n<p>Fale conosco agora mesmo e leve preven\u00e7\u00e3o e seguran\u00e7a jur\u00eddica para o seu neg\u00f3cio!<\/p>\n","protected":false},"excerpt":{"rendered":"<p>Reestrutura\u00e7\u00f5es societ\u00e1rias, blindagem patrimonial e planejamento sucess\u00f3rio de empresas familiares &nbsp; A reestrutura\u00e7\u00e3o societ\u00e1ria, a blindagem patrimonial e o planejamento sucess\u00f3rio de empresas familiares podem trazer v\u00e1rios benef\u00edcios, incluindo: Melhor gest\u00e3o e organiza\u00e7\u00e3o: a reestrutura\u00e7\u00e3o ajuda a simplificar a gest\u00e3o, definir pap\u00e9is e responsabilidades claras e melhorar a comunica\u00e7\u00e3o entre membros da fam\u00edlia. Redu\u00e7\u00e3o de [&hellip;]<\/p>\n","protected":false},"author":7,"featured_media":0,"parent":1269,"menu_order":0,"comment_status":"closed","ping_status":"closed","template":"","meta":{"_acf_changed":false,"footnotes":""},"class_list":["post-1273","page","type-page","status-publish","hentry"],"acf":[],"_links":{"self":[{"href":"https:\/\/lealqueiroz.adv.br\/index.php?rest_route=\/wp\/v2\/pages\/1273","targetHints":{"allow":["GET"]}}],"collection":[{"href":"https:\/\/lealqueiroz.adv.br\/index.php?rest_route=\/wp\/v2\/pages"}],"about":[{"href":"https:\/\/lealqueiroz.adv.br\/index.php?rest_route=\/wp\/v2\/types\/page"}],"author":[{"embeddable":true,"href":"https:\/\/lealqueiroz.adv.br\/index.php?rest_route=\/wp\/v2\/users\/7"}],"replies":[{"embeddable":true,"href":"https:\/\/lealqueiroz.adv.br\/index.php?rest_route=%2Fwp%2Fv2%2Fcomments&post=1273"}],"version-history":[{"count":4,"href":"https:\/\/lealqueiroz.adv.br\/index.php?rest_route=\/wp\/v2\/pages\/1273\/revisions"}],"predecessor-version":[{"id":1352,"href":"https:\/\/lealqueiroz.adv.br\/index.php?rest_route=\/wp\/v2\/pages\/1273\/revisions\/1352"}],"up":[{"embeddable":true,"href":"https:\/\/lealqueiroz.adv.br\/index.php?rest_route=\/wp\/v2\/pages\/1269"}],"wp:attachment":[{"href":"https:\/\/lealqueiroz.adv.br\/index.php?rest_route=%2Fwp%2Fv2%2Fmedia&parent=1273"}],"curies":[{"name":"wp","href":"https:\/\/api.w.org\/{rel}","templated":true}]}}